divided by 49?
48
Suppose 0 = 3*l - 246 - 21. Suppose -4*d + 3*f = -2*f - 49, 3*f - l = -5*d. What is the remainder when d is divided by 9?
7
Suppose -5*o - 14 = -29. Suppose -4*v = -5*d - 87, -v + 6*v + o*d = 155. What is the remainder when v is divided by 15?
13
Let r(n) = -n**3 + 5*n**2 - 2. Calculate the remainder when r(3) is divided by (6/2 - (-6 - -2)) + 4.
5
Let b be -4*(2 + (-3)/(-4)). Let p = -30 + 7. Let o = b - p. What is the remainder when 21 is divided by o?
9
Let g be 5*1*756/(-30). Calculate the remainder when 55 is divided by 28/g + 2/18*254.
27
Let k be (-1414)/21 + (4/(-6) - -1). Let s = -59 - k. Suppose 2*q - 24 = -m, -93 = -5*q + 5*m - 3. What is the remainder when q is divided by s?
6
Calculate the remainder when -2 + 2 - (-1827)/21 is divided by 15.
12
What is the remainder when 3098 is divided by (905/181)/((-1)/(-10))?
48
Let s = 94 - 91. Suppose k - 3*y = -4*y + 41, 158 = s*k - 4*y. What is the remainder when k is divided by 10?
6
Let r(f) = f**2 + 3*f + 3. Suppose 9 = 3*q - 2*o - o, 5*o - 20 = 0. What is the remainder when r(q) is divided by 114*1*(-2)/(-6)?
35
Suppose h + 28 = -6*h. Calculate the remainder when (-1)/4 + (-277)/h is divided by 18.
15
Let j = 252 - 232. Calculate the remainder when 117 is divided by j.
17
Let p be (-54)/(-30) + 1/5. Suppose p*u - 72 = -10*u. What is the remainder when 34 is divided by u?
4
Let u(r) = -r + 102. Calculate the remainder when u(0) is divided by 21.
18
Let c(q) be the second derivative of -4*q + 1/20*q**5 + 0 + 1/3*q**3 + 0*q**4 + 13/2*q**2. What is the remainder when c(0) is divided by 5?
3
Suppose -41 + 46 = y. Suppose t - y - 4 = 0. What is the remainder when 33 is divided by t?
6
Let d(y) = y**3 + 7*y**2 + 3*y - 7. Calculate the remainder when 84 is divided by d(-4).
26
Let d = 15 + -8. Let k = 90 - 5. Suppose 2*t + k = 6*m - 3*m, -3*m + 60 = 3*t. What is the remainder when m is divided by d?
4
Let c = -30 - -62. Suppose 3*r + 4*l = 18, r - 4*l + 10 = -0. Suppose 4*y = -3*k + 516, -5*y + y + 496 = -r*k. Calculate the remainder when y is divided by c.
30
Let t(d) = d**2 - 5*d - 2*d**2 + 3 + 3. Calculate the remainder when 21 is divided by t(-5).
3
Let q = 231 - 213. What is the remainder when 233 is divided by q?
17
Suppose -l + 2*b + 3 = 0, 3*l - 7*l + 12 = -4*b. Suppose 2*h - l*h = -9. Suppose 8*d = h*d - 15. What is the remainder when 42 is divided by d?
12
Let b(g) = 20*g + 786. What is the remainder when b(-8) is divided by 37?
34
Let p = 46 + -23. Let r(l) = l**3 - 11*l**2 - l + 11. Let o be r(11). Suppose o = -3*u, 0 = 4*h + u - 71 + 19. Calculate the remainder when p is divided by h.
10
Suppose -o + 0*o + 82 = 0. Suppose -2*j + 2*n + 40 = 0, -4*n + 5*n = -5*j + o. Calculate the remainder when j is divided by 9.
8
Let g = -5 + 8. Suppose 5*o = 4*r + 216 + 80, -g*r = 12. Calculate the remainder when o is divided by ((-58)/6)/((-7)/21).
27
Let f = -482 - -524. What is the remainder when f is divided by 11?
9
Suppose 3*g - 5 = 64. Suppose -i = -k + 56, -149 = -3*k + i + g. Calculate the remainder when k is divided by 20.
18
Let v = 61 + -34. Suppose -4*d = -3*a - 0*a - v, 3*a - 27 = -2*d. What is the remainder when 42 is divided by d?
6
Suppose -801*h - 144 = -813*h. What is the remainder when 70 is divided by h?
10
Suppose 0 = 2*t - t - 4. Let h = t - 4. Suppose 5 = u - h. Calculate the remainder when 9 is divided by u.
4
Suppose -10*b + 4*a = -5*b - 410, 167 = 2*b - a. What is the remainder when b is divided by 12?
2
Let n(c) = 2*c**2 - 14*c + 36. Calculate the remainder when 79 is divided by n(7).
7
Let a(x) = x**3 - 33*x**2 - 72*x + 80. Let z(v) = 3*v**2 + 5*v - 1. What is the remainder when z(-5) is divided by a(35)?
9
Let h(k) = k**3 + 8*k**2 - k + 10. Let l be h(-8). Suppose 0 = 5*m - 88 + l. Calculate the remainder when m is divided by 5.
4
Suppose -33 = 4*i - 13, -5*v = i - 55. What is the remainder when 22 is divided by v?
10
Let v(k) = 2*k**3 - 4*k**2 + 13*k + 12. What is the remainder when v(5) is divided by 10?
7
Let c(l) = l - 6. Let w be c(5). Let x = 23 - w. What is the remainder when x is divided by (2/4)/((-2)/(-52))?
11
Suppose x + 6 = t, 3*x = -0*t + t - 18. What is the remainder when 8 is divided by (-1 + 2)*(-4 - x) - -1?
2
Let u be (2 + -1)*(5 - 6). Calculate the remainder when 81 - (0 - 1)*u is divided by 28.
24
Let p be 140/(-8)*(-4)/10. Let l(j) = j**3 - 6*j**2 - 4*j - 15. Calculate the remainder when 8 is divided by l(p).
2
Suppose 5*j + 16 = 4*n, -5*n + 15*j - 18*j + 20 = 0. Let l(p) = 3*p + 3. What is the remainder when l(4) is divided by n?
3
Suppose 73 = 14*t - 12*t - 3*o, -5*t - 2*o + 173 = 0. What is the remainder when 382 is divided by t?
32
Let l = 323 + -302. What is the remainder when 57 is divided by l?
15
Let k = -26 - -37. Suppose -5*p + 9*p = 24. What is the remainder when k is divided by p?
5
Let o = -16 - -74. Let y = 255 - 234. What is the remainder when o is divided by y?
16
Let y(d) = -d**3 + 4*d**2 + 8*d - 3. Let n be y(5). Suppose 2*u + 50 = 7*u. Let v = n - u. What is the remainder when v is divided by 2?
0
Let u be (-2)/(-4)*(-8 + 8). Calculate the remainder when 352/8 - (u - 2) is divided by 10.
6
Suppose 0 = 32*k - 1957 - 3355. What is the remainder when k is divided by 53?
7
Let c(p) = 37*p + 62. What is the remainder when c(2) is divided by 63?
10
Let y(p) = -p**3 + 4*p + 9. Calculate the remainder when 111 is divided by y(-4).
54
Let n(y) = 28*y + 1. What is the remainder when n(2) is divided by (3/(27/18))/(-1) - -14?
9
Suppose -19 = -4*y + 3*c, -y - 6*c + 19 = -2*c. What is the remainder when (-2)/y + 18/14 is divided by (-2)/(-4) + 2/4?
0
Suppose 4*j = 2*j + 202. Let t(p) = -p**2 + 18*p - 11. What is the remainder when j is divided by t(15)?
33
What is the remainder when (618/18)/((-4)/(-60)) is divided by 43?
42
Let a(y) be the second derivative of y**4/3 - y**3/3 + y**2/2 + 3*y. Calculate the remainder when 9 is divided by a(1).
0
Let v = 66 + 129. Suppose 0 = -3*s + 6*s - v. Calculate the remainder when s is divided by 11.
10
Let f(x) = x + 7. Let p be f(-3). Let u(q) = -5*q**2 - p*q + 4*q**2 + 0*q - 4*q. What is the remainder when 28 is divided by u(-5)?
13
Let b(z) = z**2 - 10*z + 11. Let c be b(10). Suppose 206 = 8*a - 114. Calculate the remainder when a is divided by (-2)/c - 624/(-44).
12
Let k be 31/2 + 2/(-4). Let i = -5 + k. Let h = -443 - -460. Calculate the remainder when h is divided by i.
7
Suppose 0 = -j + 2, 4*h + 292 = 6*h + 4*j. Calculate the remainder when h is divided by 6.
4
Let m(i) = -i + 46. Suppose -5*h = 6*f - 2*f - 8, 3*h + 10 = 5*f. Calculate the remainder when m(22) is divided by f.
0
Let c = 44 - 31. Calculate the remainder when 1*(-4 + -1) + 41 is divided by c.
10
Let c = 17 + -23. Let b = 15 + c. What is the remainder when 12 is divided by b?
3
Suppose 5*n = -3*b - 233 + 258, 0 = 4*b - 3*n - 72. Suppose -5*x + 25 = 0, 3*x - 84 = -3*v - 0. What is the remainder when v is divided by b?
8
Suppose -31 = -5*i + 4*o, -i = -4*i - o + 5. Suppose 6*l - 8 - 4 = 0. What is the remainder when i is divided by l?
1
Suppose -5*s - 98 = -4*i, -s = -3*i + s + 70. Let a = -17 - i. Let w = a + 69. Calculate the remainder when w is divided by 11.
8
Let i be (-1 + -11)*7/(10 + 4). What is the remainder when 41 is divided by -2 + 11 + -3*4/i?
8
Suppose 2*z = 3*x - 89, 3*z - 61 = -2*x + 6*z. Let u(g) = 15 - g**2 - 8*g**2 + g**3 + 7*g - 29 - 2*g**3. Calculate the remainder when x is divided by u(-10).
13
Calculate the remainder when (5/15 - -1)*(-1080)/(-16) is divided by 36.
18
Suppose -34 + 4 = -3*x. Suppose 3*h + 0 = 15. Suppose -3*o - 34 = -h*o. Calculate the remainder when o is divided by x.
7
Suppose -3*i + 5*i = 8. Let w = 125 + -50. Suppose -u = i*u - w. Calculate the remainder when 43 is divided by u.
13
Let n(d) = d + 4*d - d - 3*d - 6. Let a be n(13). What is the remainder when 19 + -18 - a*-7 is divided by 26?
24
Let m = 122 + -87. Calculate the remainder when m is divided by (-6)/(-39) - (-115)/13.
8
Let d(q) = 68*q**2 - 7*q - 3. What is the remainder when d(-1) is divided by 6?
0
Let s be (7/(-14)*4)/(2/(-24)). Suppose -s*t + 105 = -17*t. Calculate the remainder when t is divided by 10.
5
Let h(m) = 7*m + 7. Let t be h(4). Let f = 44 - t. What is the remainder when 15 is divided by